-14 + 9 - (-6 - (10 - 17)))?
35
Calculate 37 + (-5 + 1 - 18) - 43.
-28
-9 + 4 - (-436 + 435 - (-9 - 1))
-14
Calculate 14 + 0 + -548 + 538 - (-1 - (0 + -60)).
-55
Evaluate (42 - 2) + (-97 - -79) - -52.
74
What is 3 + (-49 - 2 - -2) + (-2 - -16) + -4?
-36
What is the value of 1 + -3 + (-24 - -18)?
-8
Evaluate 15 + (52 - (4 - -24)) + -36.
3
What is -5 + -2 + (7 - (-5 - -9)) + 47?
43
What is -1 + 88 + (-131 + -166 - -253)?
43
(1 - ((-231 - -231) + -1 + (1 - 9))) + -58
-48
22 + -26 + 49 - -74 - (-1 - (-2 + -13))
105
What is -3 + (4 - -3) - (-2 - (4 + -13 - -14))?
11
What is the value of 20 + (-2 - (14 - (14 + 19)))?
37
Calculate -84 + 57 + -77 + 59.
-45
What is the value of (9 - (-16 + 6 + 3)) + 47 + -37?
26
Calculate 8 - (14 + -9 - -5 - (2 + -2)).
-2
5 + -6 + 6 + -4 + -4 - (43 - 10)
-36
What is -16 + (0 - (24 + -29 + -10)) - (1 + -46)?
44
Evaluate -9 + (9 - (13 - -1 - (8 + -15 + 11))).
-10
What is the value of 33 + (2 - 4) - ((10 - -24) + -44)?
41
What is the value of -53 + (5 - -62) + -27?
-13
Calculate 6 - 14 - 95 - (-386 - -355).
-72
Calculate (2 - (2 - 6)) + (36 + -12 - 25) + -6.
-1
(-40 - -50 - 30) + 49
29
Evaluate -300 + 222 - (13 - -3).
-94
Evaluate 114 + -24 - (-39 + 94).
35
What is the value of (-4 + 2 - -48) + (897 - 925)?
18
What is the value of 105 + -154 - -63 - -29?
43
What is the value of (-2 - -3) + (21 - 6) + (-2 - -28)?
42
Evaluate 29 - (50 - 117 - -106).
-10
What is the value of 57 + -92 + (2 - 1) + (-7 - (-11 + 1))?
-31
What is 3 - -5 - (-10 - (4 + -10 - (12 - 5)))?
5
Evaluate 7 - (-61 + 77) - (-107 + -2).
100
Evaluate (0 - -2) + (140 + -48 - 34).
60
(14 - (3 - 5)) + 49 + -96 + 25
-6
Evaluate -8 - (-4 - ((-7 - 6) + 98 - 5)) - 7.
69
Calculate -21 + 1 + 611 + -607 - -9 - 62.
-69
Calculate (2 - (38 - -1)) + -74 + (9 - -75).
-27
-25 - (-13 + -5) - 38
-45
Calculate -6 + (-2 - (22 + -44)).
14
Evaluate (-7 - -4) + (15 - 1) + -119 + -40 + 28.
-120
What is the value of -522 - -545 - (48 + 3)?
-28
What is the value of 11 + -5 + 8 - (-19 + (25 - 3))?
11
What is 17 - (17 + 14 + -20 + 5)?
1
Calculate (-53 - 14) + 56 + 1 + -3.
-13
Evaluate -3 + 0 - (61 + 13 + -8 + -6 + -5).
-58
Evaluate 16 - (-107 - -40 - (-18 + 5)).
70
What is 17 - (32 - (10 + -44))?
-49
What is the value of (20 - 64) + (-76 - -94)?
-26
-993 + 987 + (-4 - -5 - 23)
-28
What is (-2 - (5 + -15)) + 4 + (0 - 6) + 6?
12
13 - -2 - (-199 - -264)
-50
Evaluate -28 - (15 + -1 + 8 + 31).
-81
Evaluate -65 + (-2 - -17 - 19) + 9.
-60
What is the value of 101 + -2 - 197 - (-5 + 12 - -5)?
-110
(-13309 - -13351) + 1 + -18 + -1
24
Calculate -6 - -50 - 27 - 10 - -19.
26
Evaluate 10 + 13 + (18 + -5 - 18) + -2.
16
What is -5 + -16 + (32 + 8 - 15) - 13?
-9
17 + 53 - (-86 - -123)
33
Calculate 3 + 5 - (10 - -1 - (-10 + -43 + 3)).
-53
Calculate 18 + (1 - (9 - 5)).
15
What is the value of 172 + -217 - (-18 - -85 - 5)?
-107
What is -106 - (-92 + 110 + -58)?
-66
-31 + (4 - (0 - 5) - 2 - (-36 - -44))
-32
What is -55 + 8 + 60 + (26 - -2)?
41
Calculate -14 + 20 - (5 + 1 - 0 - 3).
3
Evaluate 1 - (0 + 1) - (104 + -4 + -1095 + 1043).
-48
-354 + 361 + 1 + 45
53
Evaluate 7 + 106 + -192 + -18.
-97
-4 + -72 + 10 + (14 - 23 - -10 - -2)
-63
Evaluate 51 - ((39 - 47) + 10).
49
Calculate -82 + 16 + -77 + (78 - 43).
-108
34 - (33 - 10) - (-4 + (-2 - 51))
68
What is (1 - -9) + (33 - (-98 - -152))?
-11
Calculate -602 + 608 + (-110 - (0 + 1)) + 9.
-96
Calculate -12 + 89 - (11 - 31).
97
What is the value of -23 + -12 + (-11 - ((8 - -3) + -23))?
-34
Calculate ((1 - 3) + -15 + 1 + 9 - -11) + -10.
-6
What is the value of -30 - (34 + -59 + -63)?
58
Calculate (57 - (-7 - -29 - 23)) + (2 - 2) + -9.
49
What is the value of -10 + 5 + 71 + (-28 - -10)?
48
Calculate 26 + (-26 - (-20 + 99)).
-79
What is 68 + (-27 - -26) + (7 - -2)?
76
What is 123 + (53 - 216) - (77 + 0)?
-117
Calculate -3 + (-612 + 582 - (4 + -7 + -1 - 5)).
-24
Evaluate (-21 - (7 - 7)) + (-566 - -555).
-32
What is the value of 3 + -1 + 20 - (547 + -534) - (3 + -5)?
11
Calculate (40 - -2) + -33 + (60 - 39).
30
Evaluate -180 - -75 - (-10 - -15) - (-16 - 0).
-94
Evaluate -9 - (6 - -25 - (3 - (14 - -8))).
-59
What is the value of 1 - 5 - (-411 + 400)?
7
What is -11 - (-30 - -24) - (96 - 16)?
-85
What is -76 + (13 - (15 - (3 + -18 + 8)))?
-85
Calculate 40 + (-16 - (6 + 20)).
-2
Calculate 0 + (3 - 0) + -1510 + 1453 + -21.
-75
Evaluate 46 - (-27 - -191) - -42.
-76
(16 - (-102 - -102)) + 35 + (2 - 6)
47
(737 - 21 - 727) + (51 + 1 - 0)
41
Evaluate 19 + -136 + 157 + (1 - 35).
6
Calculate -58 + -80 + 170 + 6.
38
Calculate (-65 - -25) + (45 - -32).
37
What is -2 - 1 - (355 + -378 + -99 + -6)?
125
Calculate 363 + -346 + (-4 - -33).
46
6 + 8 + (-11 - (-6 + 10 - 42) - 0)
41
Evaluate 14 + (8 + -5 - 54 - 28).
-65
(6 - 0) + (10 - 0 - -26) + -12
30
-40 + (15 + -31 + 8 - -21 - 6)
-33
(10574 - 10671) + (31 - 1)
-67
What is the value of (-16 - ((29 - 29) + 11)) + 26?
-1
What is the value of -3 + -1 + (9100 - 9126)?
-30
Calculate (2 - 1) + (58 - 38) + 17 + 18.
56
Calculate (-1 - 35) + (36 - (23 - -21)).
-44
What is 8 + -7 + (-28 - (-13 + -4))?
-10
What is the value of -66 + 14 + -97 - (-2 - 32)?
-115
Calculate (-10 + (-7 - -7) + 5 - -2) + -50 + 122.
69
What is the value of -13 - (33 + -53) - (11 + -12 - (0 + -6))?
2
What is -90 + (134 - 194 - -55)?
-95
-28 + -55 + 118 + -14
21
Calculate 23 - (-37 + 51) - (1 - 0) - (46 + -1).
-37
Calculate 39 - (59 + 0) - (0 - 26) - (1 - 77).
82
Evaluate 40 + 1 + -4 - (-22 + 34 + -33 + 34).
24
What is -45 + 136 + -44 - 158?
-111
Calculate 3 + 129 + -118 + (0 - 35).
-21
Evaluate -33 + (9 + -10 - 6) + (-24 - -22).
-42
7 + (-138 + 121 - (-1 - 21) - (-1 - -48))
-35
What is the value of (2 - 1) + -40 + 35 + -6 + 1?
-9
What is (11221 - 11321) + 1 + (1 - -5) + -2?
-95
Calculate -26 - -6 - (-7 - 18).
5
Evaluate -114 + (-172 - -100) + 144.
-42
What is the value of (5 - (20 + -26)) + (-9 - 1) - (-144 + 26)?
119
Calculate -16 - (-18 + 0 + (-13 - 10)).
25
(-32 - -10) + -57 + (1 + -2 - -11)
-69
4 + -9 + 339 + -368 - (18 - 1)
-51
What is the value of -11 - (14 - 20 - (-4 - 8)) - 1?
-18
What is -4 - (-70 + 73 - (-24 + 6))?
-25
-18 - (-6 + (10 - -9) - -33)
-64
Calculate 6 - -33 - (4 - (-4 + 4)).
35
-56 + 8 - (132 + -163)
-17
Evaluate (-54 - -65 - (2 + -18)) + (-7 - 2).
18
Evaluate -35 + 2 - (79 + -75 + -41).
4
What is (47 - 58) + 13 + 1 + (2 - 0) + -47?
-42
Calculate 6 - (105 - (117 + 59)).
77
What is 12 + (-97 - 9 - (-20 - (11 - 20) - -18))?
-101
What is the value of 24 - (-208 + 212 + 2 + (2 - (4 + 2)))?
22
What is -7 - (-121 - -186 - 141)?
69
Evaluate -701 + 787 + -13 + -29.
44
What is the value of -17 + 39 + (-20 - (21 - -6))?
-25
Evaluate -12 - -29 - (-17 + 11).
23
Calculate 28 + -54 + -12 + 63.
25
Calculate 11 + -20 + 6 - -21.
18
1081 + -1057 + (-1 - (-1 - -2) - -10)
32
Evaluate (9 - 6) + 2 + 7 - (-1 + 5 + 5).
3
22 + (7 - -63) + -134
-42
Evaluate 20 - 1 - (-31 + (41 - (73 + -20))).
62
What is the value of -14 + 1 + -18 + (95 - 92)?
-28
-9 - (-96 + 40 + 52)
-5
What is the value of 4 - ((14 - (-42 - -51)) + 1 + 1)?
-3
-22 + (-25 - -32) - (13 + -1 + -106)
79
Evaluate -1 + 5 + -3 + (2544 - 2595).
-50
-14 + (-6 - -20 - (10 - (-18 - -34))) + -118
-112
Evaluate 5 + -6 + 119 + 8 + -11 + -2 + 12.
125
7 + (-3 - (1 + -8 - 5) - 12) - -64
68
-12 - (-51 + (0 - 3) + 17 + -10)
35
What is the value of 49 - (80 + -90 - ((-5 - -6) + 3 + -2))?
61
Calculate (-77 + -5 - -75) + 52.
45
What is the value of (22 - (-8 - 16)) + 9 + -2?
53
(-1 - -15) + (-34 - -12) + -51 + 15
-44
What is (1773 - 1782) + 27 + 1 + 0?
19
What is 16 + 0 + (-339 - (-420 + 59))?
38
What is the value of 17 + -7 + -1 + 5 + (92 - 228) - -6?
-116
What is the value of 6 - 82 - -117 - 113?
-72
Calculate -691 + 691 - (-55 + (0 - (1 + -2))).
54
41 - ((-52 - -69) + 28)
-4
(16 + -34 + 6 - -6) + 28
22
0 - 4 - (76 + -117 + 94)
-57
Calculate -8 + (-27 - 13 - -69).
21
What is (-60 + 19 - (-3 + -14)) + -14?
-38
What is -25 + ((-16 - -9 - -23) + -22 - -22)?
-9
What is the value of (-11 - -126) + -387 - -117?
-155
What is the value of (-44 + 105 - 29) + 80?
112
Calculate -4 - 12 - (-5 + 23 - -21 - 50).
-5
Calculate 2 + 0 - ((4 - -6) + -5 + 5) - 49.
-57
75 + -19 - (4 - 0 - (23 - 37 - -21))
59
Calculate 4 + (-2 + -2 - -1) + 87 + (-197 - -204).
95
What is the value of 0 + 9 + 9 + (-24 - -40) + -15?
19
Calculate -15 + (7 - (3 + -10 